{"id":181,"date":"2024-07-27T11:44:10","date_gmt":"2024-07-27T11:44:10","guid":{"rendered":"https:\/\/forlagetarial.dk\/?page_id=181"},"modified":"2024-08-12T08:55:43","modified_gmt":"2024-08-12T08:55:43","slug":"forlaget-arial","status":"publish","type":"page","link":"http:\/\/forlagetarial.dk\/","title":{"rendered":"Forlaget ARIAL"},"content":{"rendered":"\n<p class=\"has-text-align-center\">Forlaget\u00a0 ARIAL udgiver sk\u00f8nlitter\u00e6re tekster, der p\u00e5 den ene eller anden m\u00e5de tematiserer historiske begivenheder, forhold eller personer. Historie skal forst\u00e5s bredt som b\u00e5de den store verdenshistorie, den nationale og regionale historie og den \u201clille\u201d personlige historie, der ligger indlejret i de st\u00f8rre.<\/p>\n\n\n\n<p class=\"has-text-align-center\">Af prim\u00e6r interesse for forlaget er romaner og noveller, hvis historiske indhold r\u00e6kker l\u00e6ngere tilbage end 1945  <\/p>\n\n\n\n<p class=\"has-text-align-center has-text-color has-link-color has-medium-font-size wp-elements-48f45b3643751be16fffe93fcfa27bba\" style=\"color:#bef2f2\"><em>Forlaget kan forel\u00f8big ikke p\u00e5tage sig&nbsp;at&nbsp;modtage&nbsp;og&nbsp;vurdere uopfordrede manuskripter<\/em><\/p>\n\n\n\n<p class=\"has-text-align-center\"><a href=\"https:\/\/forlagetarial.dk\/?page_id=151\">Udgivelser<\/a><\/p>\n\n\n\n<p class=\"has-text-align-center\"><a href=\"https:\/\/forlagetarial.dk\/?page_id=145\">Kontakt<\/a><\/p>\n\n\n\n<p><\/p>\n\n\n\n<p><\/p>\n\n\n\n<p><\/p>\n\n\n\n<p><\/p>\n\n\n\n<p><\/p>\n\n\n\n<p><\/p>\n\n\n\n<hr class=\"wp-block-separator has-alpha-channel-opacity\"\/>\n\n\n\n<p class=\"has-text-align-center\">Forlagsnr. 975421    CVR 16208183<\/p>\n","protected":false},"excerpt":{"rendered":"<p>Forlaget\u00a0 ARIAL udgiver sk\u00f8nlitter\u00e6re tekster, der p\u00e5 den ene eller anden m\u00e5de tematiserer historiske begivenheder, forhold eller personer. Historie skal forst\u00e5s bredt som b\u00e5de den store verdenshistorie, den nationale og regionale historie og den \u201clille\u201d personlige historie, der ligger indlejret i de st\u00f8rre. Af prim\u00e6r interesse for forlaget er romaner og noveller, hvis historiske indhold [&hellip;]<\/p>\n","protected":false},"author":1,"featured_media":0,"parent":0,"menu_order":0,"comment_status":"closed","ping_status":"closed","template":"","meta":{"footnotes":""},"class_list":["post-181","page","type-page","status-publish","hentry"],"yoast_head":"<!-- This site is optimized with the Yoast SEO plugin v27.1.1 - https:\/\/yoast.com\/product\/yoast-seo-wordpress\/ -->\n<title>Forlaget ARIAL - Forlaget ARIAL Forlaget ARIAL udgiver sk\u00f8nlitter\u00e6re prosatekster,<\/title>\n<meta name=\"description\" content=\"Forlaget\u00a0 ARIAL udgiver sk\u00f8nlitter\u00e6re prosatekster, der p\u00e5 den ene eller anden m\u00e5de tematiserer historiske begivenheder\" \/>\n<meta name=\"robots\" content=\"index, follow, max-snippet:-1, max-image-preview:large, max-video-preview:-1\" \/>\n<link rel=\"canonical\" href=\"http:\/\/forlagetarial.dk\/\" \/>\n<meta property=\"og:locale\" content=\"da_DK\" \/>\n<meta property=\"og:type\" content=\"article\" \/>\n<meta property=\"og:title\" content=\"Forlaget ARIAL - Forlaget ARIAL Forlaget ARIAL udgiver sk\u00f8nlitter\u00e6re prosatekster,\" \/>\n<meta property=\"og:description\" content=\"Forlaget\u00a0 ARIAL udgiver sk\u00f8nlitter\u00e6re prosatekster, der p\u00e5 den ene eller anden m\u00e5de tematiserer historiske begivenheder\" \/>\n<meta property=\"og:url\" content=\"http:\/\/forlagetarial.dk\/\" \/>\n<meta property=\"og:site_name\" content=\"Forlaget ARIAL\" \/>\n<meta property=\"article:modified_time\" content=\"2024-08-12T08:55:43+00:00\" \/>\n<meta name=\"twitter:card\" content=\"summary_large_image\" \/>\n<meta name=\"twitter:label1\" content=\"Estimeret l\u00e6setid\" \/>\n\t<meta name=\"twitter:data1\" content=\"1 minut\" \/>\n<script type=\"application\/ld+json\" class=\"yoast-schema-graph\">{\"@context\":\"https:\/\/schema.org\",\"@graph\":[{\"@type\":\"WebPage\",\"@id\":\"http:\/\/forlagetarial.dk\/\",\"url\":\"http:\/\/forlagetarial.dk\/\",\"name\":\"Forlaget ARIAL - Forlaget ARIAL Forlaget ARIAL udgiver sk\u00f8nlitter\u00e6re prosatekster,\",\"isPartOf\":{\"@id\":\"http:\/\/forlagetarial.dk\/#website\"},\"datePublished\":\"2024-07-27T11:44:10+00:00\",\"dateModified\":\"2024-08-12T08:55:43+00:00\",\"description\":\"Forlaget\u00a0 ARIAL udgiver sk\u00f8nlitter\u00e6re prosatekster, der p\u00e5 den ene eller anden m\u00e5de tematiserer historiske begivenheder\",\"breadcrumb\":{\"@id\":\"http:\/\/forlagetarial.dk\/#breadcrumb\"},\"inLanguage\":\"da-DK\",\"potentialAction\":[{\"@type\":\"ReadAction\",\"target\":[\"http:\/\/forlagetarial.dk\/\"]}]},{\"@type\":\"BreadcrumbList\",\"@id\":\"http:\/\/forlagetarial.dk\/#breadcrumb\",\"itemListElement\":[{\"@type\":\"ListItem\",\"position\":1,\"name\":\"Hjem\",\"item\":\"http:\/\/forlagetarial.dk\/\"},{\"@type\":\"ListItem\",\"position\":2,\"name\":\"Forlaget ARIAL\"}]},{\"@type\":\"WebSite\",\"@id\":\"http:\/\/forlagetarial.dk\/#website\",\"url\":\"http:\/\/forlagetarial.dk\/\",\"name\":\"Forlagetarial.dk\",\"description\":\"\",\"potentialAction\":[{\"@type\":\"SearchAction\",\"target\":{\"@type\":\"EntryPoint\",\"urlTemplate\":\"http:\/\/forlagetarial.dk\/?s={search_term_string}\"},\"query-input\":{\"@type\":\"PropertyValueSpecification\",\"valueRequired\":true,\"valueName\":\"search_term_string\"}}],\"inLanguage\":\"da-DK\"}]}<\/script>\n<!-- \/ Yoast SEO plugin. -->","yoast_head_json":{"title":"Forlaget ARIAL - Forlaget ARIAL Forlaget ARIAL udgiver sk\u00f8nlitter\u00e6re prosatekster,","description":"Forlaget\u00a0 ARIAL udgiver sk\u00f8nlitter\u00e6re prosatekster, der p\u00e5 den ene eller anden m\u00e5de tematiserer historiske begivenheder","robots":{"index":"index","follow":"follow","max-snippet":"max-snippet:-1","max-image-preview":"max-image-preview:large","max-video-preview":"max-video-preview:-1"},"canonical":"http:\/\/forlagetarial.dk\/","og_locale":"da_DK","og_type":"article","og_title":"Forlaget ARIAL - Forlaget ARIAL Forlaget ARIAL udgiver sk\u00f8nlitter\u00e6re prosatekster,","og_description":"Forlaget\u00a0 ARIAL udgiver sk\u00f8nlitter\u00e6re prosatekster, der p\u00e5 den ene eller anden m\u00e5de tematiserer historiske begivenheder","og_url":"http:\/\/forlagetarial.dk\/","og_site_name":"Forlaget ARIAL","article_modified_time":"2024-08-12T08:55:43+00:00","twitter_card":"summary_large_image","twitter_misc":{"Estimeret l\u00e6setid":"1 minut"},"schema":{"@context":"https:\/\/schema.org","@graph":[{"@type":"WebPage","@id":"http:\/\/forlagetarial.dk\/","url":"http:\/\/forlagetarial.dk\/","name":"Forlaget ARIAL - Forlaget ARIAL Forlaget ARIAL udgiver sk\u00f8nlitter\u00e6re prosatekster,","isPartOf":{"@id":"http:\/\/forlagetarial.dk\/#website"},"datePublished":"2024-07-27T11:44:10+00:00","dateModified":"2024-08-12T08:55:43+00:00","description":"Forlaget\u00a0 ARIAL udgiver sk\u00f8nlitter\u00e6re prosatekster, der p\u00e5 den ene eller anden m\u00e5de tematiserer historiske begivenheder","breadcrumb":{"@id":"http:\/\/forlagetarial.dk\/#breadcrumb"},"inLanguage":"da-DK","potentialAction":[{"@type":"ReadAction","target":["http:\/\/forlagetarial.dk\/"]}]},{"@type":"BreadcrumbList","@id":"http:\/\/forlagetarial.dk\/#breadcrumb","itemListElement":[{"@type":"ListItem","position":1,"name":"Hjem","item":"http:\/\/forlagetarial.dk\/"},{"@type":"ListItem","position":2,"name":"Forlaget ARIAL"}]},{"@type":"WebSite","@id":"http:\/\/forlagetarial.dk\/#website","url":"http:\/\/forlagetarial.dk\/","name":"Forlagetarial.dk","description":"","potentialAction":[{"@type":"SearchAction","target":{"@type":"EntryPoint","urlTemplate":"http:\/\/forlagetarial.dk\/?s={search_term_string}"},"query-input":{"@type":"PropertyValueSpecification","valueRequired":true,"valueName":"search_term_string"}}],"inLanguage":"da-DK"}]}},"_links":{"self":[{"href":"http:\/\/forlagetarial.dk\/index.php?rest_route=\/wp\/v2\/pages\/181","targetHints":{"allow":["GET"]}}],"collection":[{"href":"http:\/\/forlagetarial.dk\/index.php?rest_route=\/wp\/v2\/pages"}],"about":[{"href":"http:\/\/forlagetarial.dk\/index.php?rest_route=\/wp\/v2\/types\/page"}],"author":[{"embeddable":true,"href":"http:\/\/forlagetarial.dk\/index.php?rest_route=\/wp\/v2\/users\/1"}],"replies":[{"embeddable":true,"href":"http:\/\/forlagetarial.dk\/index.php?rest_route=%2Fwp%2Fv2%2Fcomments&post=181"}],"version-history":[{"count":19,"href":"http:\/\/forlagetarial.dk\/index.php?rest_route=\/wp\/v2\/pages\/181\/revisions"}],"predecessor-version":[{"id":244,"href":"http:\/\/forlagetarial.dk\/index.php?rest_route=\/wp\/v2\/pages\/181\/revisions\/244"}],"wp:attachment":[{"href":"http:\/\/forlagetarial.dk\/index.php?rest_route=%2Fwp%2Fv2%2Fmedia&parent=181"}],"curies":[{"name":"wp","href":"https:\/\/api.w.org\/{rel}","templated":true}]}}